ase 3
101101101012
Convert -1223126 (base 8) to base 3.
-122010221210
103121525 (base 7) to base 4
113123000330
-100203 (base 7) to base 8
-41014
Convert 101001011010110100 (base 2) to base 9.
277642
-f512d (base 16) to base 7
-11350410
-229136 (base 12) to base 13
-165738
What is 2615216 (base 7) in base 9?
567805
d3b698 (base 14) to base 10
7138454
What is -305210040 (base 6) in base 7?
-62645553
Convert 14a986 (base 15) to base 16.
f3990
153123 (base 8) to base 12
27903
3b8732 (base 12) to base 16
f1916
What is -210342 (base 8) in base 4?
-101003202
What is 180878 (base 11) in base 16?
442c0
-211120111 (base 4) to base 16
-25615
12561b7 (base 12) to base 14
699307
Convert 3040412103 (base 5) to base 10.
6185278
What is -18ca19 (base 16) in base 6?
-54453145
Convert -17a577 (base 14) to base 12.
-343451
Convert 14b64b (base 12) to base 10.
351707
-2079a9 (base 13) to base 3
-1102121000021
8125116 (base 10) to base 3
120021210120020
Convert -2883a3b (base 12) to base 15.
-aaa658
Convert -110011001011010110100 (base 2) to base 9.
-3135341
Convert -293d04 (base 15) to base 3.
-10201222020111
Convert -1000101011 (base 3) to base 15.
-5da7
c64b (base 15) to base 6
522025
-22b1633 (base 13) to base 7
-160031032
What is -2861947 (base 10) in base 14?
-546dab
What is -a1a917 (base 12) in base 9?
-4672251
23a6357 (base 11) to base 5
2032243341
What is 1004053 (base 6) in base 15?
e153
What is -36659b (base 13) in base 6?
-43503424
225612563 (base 7) to base 12
478a168
-12031111 (base 5) to base 6
-2215434
Convert 1111244101 (base 5) to base 11.
1421332
-1775771 (base 8) to base 7
-4306350
Convert -31001404 (base 5) to base 4.
-331011311
-689b8 (base 13) to base 5
-22044424
558188 (base 9) to base 16
518db
1520225 (base 6) to base 14
24213
What is 1143033 (base 6) in base 13?
21594
Convert -10cc51b (base 13) to base 10.
-5196774
Convert 8c683e (base 15) to base 3.
110121121222212
What is 40011201 (base 5) in base 7?
2443262
34140434 (base 5) to base 15
5e9e9
Convert 688995 (base 10) to base 3.
1022000010100
Convert -b74a36 (base 14) to base 4.
-113221023020
4543332 (base 7) to base 13
16a49c
-84ac5b (base 13) to base 5
-1243434122
100101100101101111001 (base 2) to base 5
303403422
What is -299699 (base 10) in base 4?
-1021022303
Convert -87012 (base 10) to base 12.
-42430
-5457ad (base 14) to base 5
-1212424104
Convert -102030322301 (base 4) to base 11.
-27699a2
-52414557 (base 8) to base 4
-222201211233
Convert 16440a (base 11) to base 13.
8bc26
What is -34227 (base 14) in base 11?
-87178
Convert 491188 (base 11) to base 12.
315b55
Convert 26010545 (base 7) to base 11.
1369929
Convert -a215a (base 13) to base 2.
-1000110110111001000
-2120102002222 (base 3) to base 7
-14420111
-414601 (base 15) to base 3
-12211122111001
What is -3bc431 (base 13) in base 6?
-51104414
What is 351355510 (base 6) in base 3?
110021001121220
Convert 1bb4640 (base 13) to base 9.
18335104
Convert -1110210122210 (base 3) to base 14.
-165710
What is -104224033 (base 5) in base 4?
-1300211113
Convert 341614 (base 8) to base 11.
79938
Convert -2221010202 (base 4) to base 11.
-433329
Convert -187266 (base 13) to base 14.
-1204a2
Convert -141527 (base 9) to base 11.
-59a53
Convert -23443212 (base 6) to base 12.
-2b6508
Convert 1ea889 (base 16) to base 8.
7524211
What is 1244bbd (base 14) in base 16?
85da33
What is 3052530 (base 8) in base 14?
1707c4
34b49 (base 14) to base 13
46605
-408860 (base 12) to base 13
-294b73
What is 36592 (base 11) in base 15?
108ca
What is 10100000000001000001011 (base 2) in base 11?
2a614a0
Convert 303002421 (base 5) to base 6.
42044011
What is 1cf216 (base 16) in base 5?
441200412
What is -182123 (base 10) in base 8?
-543553
What is 121112012101 (base 3) in base 14?
86783
-69981 (base 10) to base 14
-1b709
Convert 1155747 (base 10) to base 15.
17c69c
210202212000110 (base 3) to base 16
b08e0c
Convert -5529981 (base 10) to base 6.
-314305433
Convert -517909 (base 11) to base 13.
-230c11
What is -1520043 (base 9) in base 8?
-3150247
Convert -2231102414 (base 5) to base 15.
-678ede
-182c26 (base 13) to base 4
-2110000123
What is -1029ab (base 15) in base 2?
-10111011100100110111
What is -c14c5 (base 13) in base 8?
-1243246
What is -26703654 (base 9) in base 6?
-1150143121
Convert 1104a7 (base 12) to base 16.
41fbf
What is -32312102 (base 4) in base 6?
-1145322
-42d72 (base 15) to base 14
-57510
What is 13602555 (base 7) in base 2?
100111000000101011111
-110111011111111010001 (base 2) to base 14
-354a65
Convert -100111111111000110 (base 2) to base 16.
-27fc6
-4375724 (base 9) to base 2
-1000111110011110110000
What is -5110b (base 12) in base 13?
-39083
Convert -123235411 (base 6) to base 9.
-4457317
-2b308b3 (base 12) to base 6
-512005543
What is 20102002122 (base 3) in base 9?
212078
Convert 212222011112 (base 3) to base 15.
94bc5
What is 1234310110 (base 5) in base 15?
4011c0
Convert 242233322 (base 5) to base 16.
114c13
-18a270c (base 13) to base 16
-7b6b20
Convert 48711 (base 9) to base 5.
2021103
-152647 (base 11) to base 13
-84263
What is -120521200 (base 7) in base 9?
-15102587
18c6a (base 13) to base 5
3021003
Convert 2766d (base 16) to base 7.
1241344
What is 2434304 (base 5) in base 13?
18052
-15202103 (base 7) to base 14
-29903a
Convert 15053322 (base 6) to base 4.
1333010102
-17b8b8 (base 14) to base 5
-203314100
What is 10001024 (base 5) in base 12?
39360
Convert 101001000001100011000111 (base 2) to base 15.
e2669c
What is -150244130 (base 6) in base 14?
-5aa126
Convert -42e7b9 (base 15) to base 14.
-5cda05
91605 (base 13) to base 10
260265
-101000101010110100 (base 2) to base 15
-34555
What is 13248108 (base 9) in base 8?
30715103
Convert 7994048 (base 10) to base 2.
11110011111101011000000
Convert 4b405 (base 12) to base 5.
11240113
2175079 (base 14) to base 7
251655212
What is 2045542 (base 6) in base 8?
302706
-20131202102 (base 4) to base 3
-11011200200222
What is -3111002 (base 5) in base 10?
-50752
-345e38 (base 15) to base 12
-a071bb
19a174 (base 12) to base 14
bb10c
What is 40163 (base 11) in base 12?
2a002
Convert -182922 (base 16) to base 14.
-2d3078
-2bbd72 (base 16) to base 13
-7949a7
What is 69b92 (base 15) in base 8?
1221541
What is 2367576 (base 8) in base 9?
1202162
What is -307969 (base 10) in base 11?
-1a0422
1052169 (base 12) to base 2
1011110011001101100001
2d02b (base 15) to base 9
241115
What is -cb464 (base 14) in base 10?
-492048
What is -107595 (base 10) in base 12?
-52323
Convert 55788a (base 16) to base 10.
5601418
Convert 583a12 (base 12) to base 9.
2588285
Convert 5066 (base 7) to base 11.
1363
Convert -1493714 (base 11) to base 8.
-11571105
Convert -aa2bb (base 13) to base 11.
-1a0506
-162082 (base 10) to base 5
-20141312
1011526 (base 7) to base 15
25b3d
What is -600a58 (base 12) in base 11?
-930927
What is -120031220313 (base 4) in base 11?
-3645920
What is -471157 (base 9) in base 13?
-9ba61
What is 223243453 (base 7) in base 16?
cf1fe4
What is -1110000001001111010001 (base 2) in base 12?
-1292955
Convert -aa99 (base 16) to base 7.
-241220
-1110110011110100101 (base 2) to base 5
-111012120
-63bc0 (base 16) to base 9
-682332
What is 2047bb (base 14) in base 16?
109aa1
Convert -1101111111001000010010 (base 2) to base 12.
-1289956
Convert 1221003213 (base 4) to base 8.
1510347
-c8b8 (base 13) to base 16
-6cdb
Convert -110022131121 (base 4) to base 11.
-2a90271
Convert 101100011100001111 (base 2) to base 15.
38e06
What is -11100001111111010 (base 2) in base 15?
-2443b
4db212 (base 15) to base 2
1110001111011011100001
What is 38b5a (base 12) in base 10?
77686
What is 4aa290 (base 16) in base 11?
2840989
What is -769a91 (base 12) in base 6?
-104211101
What is -1ba772a (base 14) in base 2?
-110100110101011100001010
21020110 (base 4) to base 12
19784
12738182 (base 9) to base 2
10111111110011001000000
What is 1301322310 (base 4) in base 12?
1a6044
What is -49505 (base 10) in base 11?
-34215
Convert f111 (base 16) to base 5.
3433323
-2200121112010 (base 3) to base 11
-896882
What is -bccb (base 15) in base 10?
-40016
Convert -22101212011000 (base 3) to base 6.
-235412213
What is 4c68ea (base 15) in base 14?
6b667c
Convert 22102032103 (base 4) to base 2.
1010010010001110010011
Convert -101000011010000101111 (base 2